1)/(-8)). Suppose 5*v - 12 = -l*q, -q + 4*v - 1 = -4. Suppose 582 = 2*w - 2*n, 3*n - 5*n = q*w - 853. Is w a composite number?
True
Let i(f) = 1468*f**2 + f + 101. Is i(-10) a prime number?
True
Suppose 5*b - 48 - 38 = -2*w, w - 40 = -b. Is w a prime number?
False
Let z = 107 - 111. Is 2175 + -2 + 4 + z + 1 a prime number?
False
Suppose -f = 4*f - 3*q - 290, 3*f - 5*q - 174 = 0. Let s = f - -64. Suppose -s = -2*x + 56. Is x a composite number?
False
Let t(x) = -12*x**3 - 17*x**2 + 10*x + 28. Is t(-9) a composite number?
False
Let q = -1001 + 1426. Suppose -3*a = 2*a - q. Is a composite?
True
Let l = -84 + 105. Suppose 4*d - 295 - l = 0. Is d prime?
True
Suppose 0*q - 262 = -2*q. Let o = 35 + -69. Let s = q + o. Is s a composite number?
False
Let k(w) = 3167*w**2 + 5*w + 31. Is k(-5) prime?
True
Let g = -2 + 6. Let r = g + 1. Suppose 2*a = 5*m - 0*m + 103, 4*a = -r*m + 191. Is a prime?
False
Suppose -89*w - 33*w + 8646262 = 0. Is w prime?
False
Suppose -3*i = -2*i - 4. Let j be 8/(-36) - i/(-18). Suppose -t + 191 = -j*t. Is t prime?
True
Let k(a) = 85*a**2 - 32*a - 8. Is k(15) a prime number?
True
Suppose -k + 6 = 5*g - 0, -2*g + 5*k + 24 = 0. Suppose g*x = -6 - 0, x - 3409 = -4*o. Is o composite?
False
Let k(p) = 2*p**2 + 6*p - 1. Let b be k(-5). Suppose 0 = -13*o + 12*o + b. Let u = o + 27. Is u a prime number?
False
Suppose -9*d = -4*d + 2*c - 19717, -5*d + c = -19714. Is d a composite number?
False
Suppose 2*p + 2*p - 2*b - 8 = 0, -4*p + 5*b + 8 = 0. Let a be 4 - p/(-2) - 4. Is (-1)/(-2)*a*74 composite?
False
Suppose 3*y - 10 - 5 = 0. Suppose 0 = y*a - 6*a. Suppose a = -2*n - 2*n + 3068. Is n a composite number?
True
Is ((-39)/(-12) + -3)/(3/428748) a composite number?
False
Let p be 2*(-4)/3*(-3 - -6). Is p/(-2 - 2) + 4611 a composite number?
True
Suppose 2*a + 22 = 10. Let z(b) = -3*b - 3*b + 7 - 5*b**2 - 2*b**3 + 0*b**2. Is z(a) a prime number?
False
Let j(x) = -3*x**2 + 3*x + 4. Let o be j(-1). Is (9021/(-6) + 4)*o a composite number?
False
Suppose -326*l + 323*l + 9807 = 0. Is l a composite number?
True
Suppose -8*y + 2*b = -9*y + 91, -3*y + b = -287. Is (-19)/(y/(-3360)) + 1 prime?
True
Let i be ((8 - 3) + -5)/1. Let b(h) = 6*h**2 + 10*h + 13. Let o be b(-11). Suppose -x + l + 3*l + o = i, -4*x + 2537 = 5*l. Is x composite?
True
Suppose 312889 + 248995 = 68*j. Is j composite?
False
Suppose -6*r = -r - f - 7206, 2*f - 4321 = -3*r. Let d = -987 + r. Is d a prime number?
False
Suppose 16276 + 26414 = 6*d. Is d a prime number?
False
Let p = 46 - 35. Let x(d) = d**3 - 6*d**2 - 13*d + 7. Is x(p) prime?
False
Let i(x) = x**2 - 9*x - 6. Let m be i(10). Let a = m - 1. Suppose 0 = a*r + r - 268. Is r a prime number?
True
Let b(v) = 1531*v - 93. Is b(4) prime?
False
Suppose -2*i = 3*f - 2471, -3*f - 84*i + 81*i = -2475. Is f composite?
False
Suppose 3*y = -l + 1210, -3*l = 5*y - 852 - 2790. Is l composite?
True
Let n(u) = 7*u - 10. Let x(i) = 15*i - 20. Let l(j) = -13*n(j) + 6*x(j). Let p be l(5). Suppose 4*t - 650 = 3*g, p*t = -0*t - g + 803. Is t a prime number?
False
Let r(s) = 2*s**3 + 10*s**2 - 19*s + 6. Let n = -12 - -21. Is r(n) prime?
False
Suppose -5*x - 2 = -6*x. Suppose -6 + x = b. Is (-3 - b) + 0 + 784 a prime number?
False
Suppose -62 - 13 = 3*f. Let n = -154 + 230. Let u = n + f. Is u a composite number?
True
Let g = 501 - 280. Let z = -36 + g. Is z composite?
True
Let a(i) = i**3 - 4*i**2 + 9*i + 1. Let b(p) = p - 5. Let h = 23 - 11. Let l be b(h). Is a(l) a prime number?
True
Is (-6 + 58074/18)*(-6)/(-2) a composite number?
False
Let a = 6179 + -2790. Is a a prime number?
True
Let v = 1741 + 243. Suppose -5*b - w = -3312, -v = -3*b - 0*b + w. Is b a composite number?
True
Let x(s) = -1936*s - 798. Is x(-17) a prime number?
False
Suppose -x = s + 924 + 276, s + 1188 = 2*x. Let p = s - -808. Let k = 705 + p. Is k composite?
False
Suppose -3*d + 108 = d. Suppose 29*p - d*p = 1934. Is p a composite number?
False
Let w(o) = -2*o**3 - 3*o**2 - 4*o + 3. Let n(z) = 4*z**2 - 1 - z**3 + 4*z + 2*z**3 - 3. Let t(b) = -4*n(b) - 3*w(b). Is t(6) a composite number?
False
Let h(p) = -p + 20. Let l be h(-9). Suppose l*d = 25*d + 4276. Is d a composite number?
False
Suppose -5*x = -3*m - 60473, 6*x + 3*m = 8*m + 72562. Is x a composite number?
False
Let g be (-184)/(-5) - 5/(-25). Suppose -4*k + 653 = 5*j, 4*j - 475 - g = 2*k. Is j prime?
False
Let j = 2705 + -4179. Let y = -661 - j. Is y composite?
True
Let p(i) = 63*i**3 - 5*i - 6. Let g be p(3). Let m(k) = 5*k**3 - k**2. Let f be m(1). Suppose -4*w + 0*w - f*j = -g, 0 = -5*j + 5. Is w prime?
True
Suppose 22*f = 22296 + 4390. Is f prime?
True
Let w = -61 + 65. Suppose w*i = 3541 - 1049. Is i prime?
False
Let g be (9 - (0 + 3))*-2. Let h(n) = 2*n**2 - 9*n + 11. Is h(g) prime?
False
Let l(r) = r**3 + 6*r**2 + 2*r + 12. Let s be l(-6). Suppose s*f + 802 = 2*f + 2*g, 0 = -5*f - 4*g + 2005. Is f composite?
False
Let t(i) = 2*i**2 + 29*i + 16. Let r be t(-14). Is (-20520)/(-70) - (r/(-14))/(-1) a prime number?
True
Let g(l) = -225*l**3 - 4*l**2 - 5*l + 4. Let c be g(-2). Suppose -11*w + 4 = -10*w. Suppose 3*n - c = -4*u - 305, 2*u + 2020 = w*n. Is n a composite number?
False
Suppose 4*z - 963 = 3*n, 2*z - 4*n + n = 489. Suppose c = -2*d + z, 0*c + 5*c + 481 = 4*d. Is d composite?
True
Let y = -36895 - -58452. Is y a composite number?
False
Let r(b) = -b**3 + 46*b**2 - 9*b + 51. Is r(38) a prime number?
True
Let r(w) = 237*w - 28. Let a be r(5). Let i = 2124 - a. Is i a composite number?
False
Let t = -1764 + 2711. Is t a prime number?
True
Let b = -2 + -4. Let d(r) = -8*r**3 + 4*r**2 - 10*r + 5. Let q(z) = -15*z**3 + 8*z**2 - 19*z + 9. Let v(a) = b*q(a) + 11*d(a). Is v(3) a prime number?
True
Let z = 1 + 3. Let x be z + (-3 - 9/(-3)). Is (-3196 + 2)*(-2)/x a composite number?
False
Suppose -5*s - 5 = 0, 0 = -5*p + 2*s - 0*s + 107. Is (540/(-7))/(-4) - 6/p composite?
False
Is (-2)/(-7) - -271*5401/77 a prime number?
True
Is 42260/6 - (-19)/(-57) composite?
False
Let q = -1098 + 1645. Is q a prime number?
True
Let c(o) = -379*o + 18. Let m be c(-6). Suppose -6*x = -10*x + m. Is x a composite number?
True
Let b(i) = 11*i**2 - 12 + 6*i**2 - i**2 - 5*i. Is b(-5) prime?
False
Suppose 0 = 5*p - 803 - 647. Suppose -2*h + 1372 = p. Is h a prime number?
True
Let l = -391 - -684. Let z = -183 + l. Suppose v + z = r, 5*r - 453 = -v + 127. Is r composite?
True
Let c = 1010 - 704. Suppose 0 = 5*z - c - 139. Is z composite?
False
Is (-29)/((-2 + (7 - 3))/(-4)) composite?
True
Let p = 2170 - -1321. Suppose -4*q = -p - 897. Is q prime?
True
Is 3133 - (-5 + 7/1) composite?
True
Let d be (32/48)/((-4)/(-426)). Suppose -189 + d = -2*o. Is o a composite number?
False
Suppose 0 = b - 3713 + 510. Is b a prime number?
True
Let x(m) = m**3 - 8*m**2 - 6*m + 4. Let a be x(-8). Let v = a + 2255. Suppose 4*n - v = -5*u, -u + 124 = -2*n - 141. Is u prime?
False
Is (-3125)/(-2) - 58/(-116) prime?
False
Let m(o) = -73*o + 8. Let a(k) = -365*k + 40. Let z(w) = 2*a(w) - 11*m(w). Is z(9) a prime number?
False
Let x = -973 - -1436. Is x a composite number?
False
Is ((-5)/2)/((-33)/1019766) a prime number?
False
Let a be (348/3)/(8/1076). Is a/22 - 30/165 a composite number?
False
Let h(w) = 266*w**3 - w**2 + 5*w - 4. Let j be h(1). Suppose c = -2*m - 3*c + j, -c = -4*m + 514. Is m composite?
True
Let k(u) = -5*u + 27. Let v be k(5). Is 1 + (1115 - (v + -1)) a prime number?
False
Let p be ((-76)/95)/((-1)/((-10)/(-2))). Suppose -10610 = -6*q - p*q. Is q composite?
False
Suppose 0 = n + r - 15, 0*r - 4 = 2*r. Let q = n + -7. Is 2/q - 7576/(-20) prime?
True
Suppose -4*s = -6645 - 5063. Is s prime?
True
Suppose 4*u = 5*w + 1449, -2*w = 3*u + 3*w - 1043. Let i be (-14)/(-3) - 24/36. Suppose -i*x = -4*k - u, 3*x - 190 - 73 = 4*k. Is x a prime number?
False
Is 2/(-5) - (5148/(-20) - 8) composite?
True
Let l = -66 + 68. Suppose 0 = -2*q - l*q + 2164. Is q composite?
False
Let s(c) be the first derivative of 133*c**3/3 - 3*c**2/2 - 3*c - 6. Is s(-4) a composite number?
False
Suppose 4 = 5*n - 6. Suppose -3*g + 20 = -j - 731, n = j. Is g a prime number?
True
Let x = 16533 - 23212. Let t = 9641 + x. Is t a prime number?
False
Let n(q) = 6*q**2 - 2*q - 5. Suppose 0 = -h - 10 + 1. Let u = -5 - h. Is n(u) composite?
False
Let z(f) = -5038*f**3 -